e remainder when 758 is divided by 33.
32
What is the remainder when 223 is divided by 44?
3
What is the remainder when 375 is divided by 371?
4
What is the remainder when 473 is divided by 220?
33
What is the remainder when 255 is divided by 19?
8
Calculate the remainder when 1114 is divided by 112.
106
What is the remainder when 404 is divided by 204?
200
Calculate the remainder when 690 is divided by 462.
228
What is the remainder when 63 is divided by 24?
15
Calculate the remainder when 1408 is divided by 24.
16
What is the remainder when 463 is divided by 174?
115
What is the remainder when 58306 is divided by 113?
111
Calculate the remainder when 323 is divided by 41.
36
Calculate the remainder when 491 is divided by 3.
2
Calculate the remainder when 10775 is divided by 20.
15
Calculate the remainder when 1822 is divided by 48.
46
Calculate the remainder when 230 is divided by 30.
20
Calculate the remainder when 12473 is divided by 297.
296
Calculate the remainder when 214 is divided by 51.
10
Calculate the remainder when 2347 is divided by 25.
22
What is the remainder when 40 is divided by 13?
1
What is the remainder when 1932 is divided by 88?
84
What is the remainder when 385 is divided by 59?
31
What is the remainder when 154 is divided by 31?
30
What is the remainder when 111 is divided by 3?
0
Calculate the remainder when 348 is divided by 172.
4
What is the remainder when 76 is divided by 70?
6
What is the remainder when 766 is divided by 13?
12
Calculate the remainder when 646 is divided by 21.
16
Calculate the remainder when 209 is divided by 71.
67
What is the remainder when 1494 is divided by 65?
64
Calculate the remainder when 977 is divided by 119.
25
What is the remainder when 436 is divided by 149?
138
What is the remainder when 410 is divided by 132?
14
Calculate the remainder when 124 is divided by 25.
24
What is the remainder when 3530 is divided by 114?
110
What is the remainder when 1218 is divided by 61?
59
What is the remainder when 510 is divided by 89?
65
Calculate the remainder when 4185 is divided by 13.
12
What is the remainder when 16 is divided by 6?
4
Calculate the remainder when 504 is divided by 23.
21
What is the remainder when 757 is divided by 10?
7
What is the remainder when 659 is divided by 330?
329
What is the remainder when 126 is divided by 48?
30
What is the remainder when 60 is divided by 43?
17
Calculate the remainder when 362 is divided by 6.
2
Calculate the remainder when 167 is divided by 12.
11
Calculate the remainder when 2922 is divided by 25.
22
Calculate the remainder when 538 is divided by 36.
34
What is the remainder when 294 is divided by 37?
35
Calculate the remainder when 183 is divided by 33.
18
Calculate the remainder when 128126 is divided by 143.
141
Calculate the remainder when 454 is divided by 49.
13
Calculate the remainder when 257 is divided by 52.
49
What is the remainder when 1815 is divided by 79?
77
What is the remainder when 116 is divided by 13?
12
What is the remainder when 18 is divided by 8?
2
Calculate the remainder when 2411 is divided by 186.
179
Calculate the remainder when 53 is divided by 29.
24
What is the remainder when 67 is divided by 12?
7
Calculate the remainder when 313 is divided by 158.
155
Calculate the remainder when 357 is divided by 48.
21
Calculate the remainder when 5388 is divided by 35.
33
Calculate the remainder when 6965 is divided by 2308.
41
What is the remainder when 352 is divided by 17?
12
What is the remainder when 20929 is divided by 15?
4
What is the remainder when 129 is divided by 12?
9
Calculate the remainder when 1165 is divided by 295.
280
Calculate the remainder when 475 is divided by 168.
139
Calculate the remainder when 1128 is divided by 39.
36
What is the remainder when 1376 is divided by 23?
19
Calculate the remainder when 147 is divided by 27.
12
Calculate the remainder when 485 is divided by 84.
65
Calculate the remainder when 50 is divided by 19.
12
What is the remainder when 602 is divided by 55?
52
Calculate the remainder when 160 is divided by 2.
0
Calculate the remainder when 253 is divided by 44.
33
Calculate the remainder when 62 is divided by 32.
30
What is the remainder when 18 is divided by 17?
1
What is the remainder when 36 is divided by 13?
10
Calculate the remainder when 21430 is divided by 57.
55
Calculate the remainder when 426 is divided by 100.
26
Calculate the remainder when 853 is divided by 9.
7
What is the remainder when 1378 is divided by 23?
21
What is the remainder when 146 is divided by 75?
71
Calculate the remainder when 2091 is divided by 9.
3
What is the remainder when 664 is divided by 132?
4
What is the remainder when 54 is divided by 4?
2
Calculate the remainder when 5119 is divided by 41.
35
What is the remainder when 265 is divided by 55?
45
Calculate the remainder when 307 is divided by 75.
7
What is the remainder when 52 is divided by 43?
9
What is the remainder when 535 is divided by 20?
15
Calculate the remainder when 75 is divided by 20.
15
Calculate the remainder when 1248 is divided by 63.
51
Calculate the remainder when 175 is divided by 59.
57
Calculate the remainder when 1022 is divided by 114.
110
Calculate the remainder when 226 is divided by 108.
10
What is the remainder when 633 is divided by 223?
187
Calculate the remainder when 181 is divided by 9.
1
What is the remainder when 844 is divided by 13?
12
What is the remainder when 380 is divided by 184?
12
What is the remainder when 2348 is divided by 336?
332
What is the remainder when 231 is divided by 5?
1
What is the remainder when 1308 is divided by 119?
118
Calculate the remainder when 581 is divided by 178.
47
Calculate the remainder when 1629 is divided by 8.
5
Calculate the remainder when 209 is divided by 189.
20
Calculate the remainder when 514 is divided by 114.
58
What is the remainder when 1754 is divided by 93?
80
What is the remainder when 51 is divided by 50?
1
What is the remainder when 3113 is divided by 18?
17
What is the remainder when 190 is divided by 52?
34
Calculate the remainder when 2956 is divided by 114.
106
Calculate the remainder when 1874 is divided by 14.
12
Calculate the remainder when 67 is divided by 19.
10
What is the remainder when 1719 is divided by 46?
17
What is the remainder when 217 is divided by 210?
7
Calculate the remainder when 2654 is divided by 23.
9
Calculate the remainder when 1192 is divided by 57.
52
Calculate the remainder when 17399 is divided by 10.
9
What is the remainder when 88 is divided by 55?
33
What is the remainder when 1038 is divided by 26?
24
What is the remainder when 217 is divided by 13?
9
Calculate the remainder when 147 is divided by 26.
17
What is the remainder when 113 is divided by 70?
43
What is the remainder when 1286 is divided by 7?
5
Calculate the remainder when 95 is divided by 30.
5
Calculate the remainder when 13223 is divided by 29.
28
What is the remainder when 183 is divided by 3?
0
Calculate the remainder when 3553 is divided by 89.
82
Calculate the remainder when 412 is divided by 46.
44
What is the remainder when 167 is divided by 65?
37
Calculate the remainder when 723 is divided by 29.
27
Calculate the remainder when 52 is divided by 27.
25
What is the remainder when 1805 is divided by 367?
337
Calculate the remainder when 194 is divided by 17.
7
Calculate the remainder when 222 is divided by 15.
12
Calculate the remainder when 477 is divided by 118.
5
Calculate the remainder when 1053 is divided by 22.
19
Calculate the remainder when 2889 is divided by 720.
9
Calculate the remainder when 1098 is divided by 1095.
3
What is the remainder when 36866 is divided by 23?
20
Calculate the remainder when 99 is divided by 6.
3
What is the remainder when 733 is divided by 123?
118
Calculate the remainder when 65 is divided by 48.
17
What is the remainder when 224 is divided by 27?
8
What is the remainder when 1824 is divided by 83?
81
What is the remainder when 130 is divided by 22?
20
What is the remainder when 212 is divided by 29?
9
Calculate the remainder when 596 is divided by 50.
46
Calculate the remainder when 1148 is divided by 115.
113
What is the remainder when 1489 is divided by 149?
148
Calculate the remainder when 2537 is div